actors of 8171?
8171
List the prime factors of 14884.
2, 61
What are the prime factors of 1383?
3, 461
What are the prime factors of 476?
2, 7, 17
What are the prime factors of 1606?
2, 11, 73
List the prime factors of 7379.
47, 157
List the prime factors of 8188.
2, 23, 89
What are the prime factors of 3198?
2, 3, 13, 41
List the prime factors of 17653.
127, 139
What are the prime factors of 11197?
11197
What are the prime factors of 10401?
3, 3467
List the prime factors of 759.
3, 11, 23
What are the prime factors of 4647?
3, 1549
What are the prime factors of 2030?
2, 5, 7, 29
What are the prime factors of 65242?
2, 32621
What are the prime factors of 539?
7, 11
What are the prime factors of 3445?
5, 13, 53
List the prime factors of 1159.
19, 61
What are the prime factors of 386?
2, 193
What are the prime factors of 7681?
7681
What are the prime factors of 139935?
3, 5, 19, 491
List the prime factors of 35012.
2, 8753
What are the prime factors of 1642?
2, 821
What are the prime factors of 15794?
2, 53, 149
What are the prime factors of 2744?
2, 7
What are the prime factors of 253?
11, 23
What are the prime factors of 10466?
2, 5233
List the prime factors of 1946.
2, 7, 139
List the prime factors of 110847.
3, 11, 3359
List the prime factors of 15381.
3, 1709
What are the prime factors of 38?
2, 19
List the prime factors of 2273.
2273
What are the prime factors of 26326?
2, 13163
What are the prime factors of 3488?
2, 109
What are the prime factors of 65800?
2, 5, 7, 47
What are the prime factors of 29867?
29867
List the prime factors of 116.
2, 29
What are the prime factors of 2740?
2, 5, 137
What are the prime factors of 2770?
2, 5, 277
What are the prime factors of 897?
3, 13, 23
What are the prime factors of 4342?
2, 13, 167
What are the prime factors of 4731?
3, 19, 83
What are the prime factors of 4269?
3, 1423
List the prime factors of 331.
331
What are the prime factors of 1220?
2, 5, 61
List the prime factors of 1745.
5, 349
What are the prime factors of 23806?
2, 11903
What are the prime factors of 40551?
3, 7, 1931
What are the prime factors of 9812?
2, 11, 223
List the prime factors of 874.
2, 19, 23
What are the prime factors of 14729?
11, 13, 103
What are the prime factors of 2341?
2341
List the prime factors of 41560.
2, 5, 1039
List the prime factors of 3187.
3187
What are the prime factors of 99198?
2, 3, 11, 167
What are the prime factors of 3113?
11, 283
What are the prime factors of 8078?
2, 7, 577
List the prime factors of 43683.
3, 14561
What are the prime factors of 35289?
3, 1307
What are the prime factors of 24851?
24851
List the prime factors of 18993.
3, 13, 487
List the prime factors of 29133.
3, 13, 83
What are the prime factors of 9696?
2, 3, 101
List the prime factors of 2460.
2, 3, 5, 41
List the prime factors of 4999.
4999
What are the prime factors of 15639?
3, 13, 401
List the prime factors of 134434.
2, 67217
What are the prime factors of 5385?
3, 5, 359
List the prime factors of 154318.
2, 19, 31, 131
List the prime factors of 117153.
3, 4339
What are the prime factors of 853?
853
List the prime factors of 4515.
3, 5, 7, 43
List the prime factors of 26602.
2, 47, 283
What are the prime factors of 791?
7, 113
List the prime factors of 18273.
3, 6091
List the prime factors of 157758.
2, 3, 26293
What are the prime factors of 28666?
2, 11, 1303
List the prime factors of 118669.
118669
List the prime factors of 82070.
2, 5, 29, 283
What are the prime factors of 10685?
5, 2137
What are the prime factors of 63453?
3, 13, 1627
What are the prime factors of 60265?
5, 17, 709
What are the prime factors of 5641?
5641
What are the prime factors of 7863?
3, 2621
List the prime factors of 79.
79
What are the prime factors of 3217?
3217
What are the prime factors of 688?
2, 43
What are the prime factors of 32796?
2, 3, 911
List the prime factors of 91171.
17, 31, 173
What are the prime factors of 833?
7, 17
What are the prime factors of 128?
2
What are the prime factors of 1569?
3, 523
What are the prime factors of 25633?
25633
List the prime factors of 55903.
55903
What are the prime factors of 4307?
59, 73
What are the prime factors of 28?
2, 7
What are the prime factors of 1530?
2, 3, 5, 17
What are the prime factors of 1268?
2, 317
List the prime factors of 2255.
5, 11, 41
What are the prime factors of 14934?
2, 3, 19, 131
What are the prime factors of 4314?
2, 3, 719
What are the prime factors of 14993?
11, 29, 47
List the prime factors of 1494.
2, 3, 83
What are the prime factors of 608?
2, 19
What are the prime factors of 149913?
3, 16657
List the prime factors of 52712.
2, 11, 599
What are the prime factors of 10332?
2, 3, 7, 41
What are the prime factors of 581?
7, 83
What are the prime factors of 26850?
2, 3, 5, 179
List the prime factors of 48664.
2, 7, 11, 79
List the prime factors of 37222.
2, 37, 503
What are the prime factors of 5136?
2, 3, 107
What are the prime factors of 61868?
2, 15467
List the prime factors of 230.
2, 5, 23
What are the prime factors of 2395?
5, 479
What are the prime factors of 15600?
2, 3, 5, 13
What are the prime factors of 3392?
2, 53
List the prime factors of 995.
5, 199
What are the prime factors of 261?
3, 29
List the prime factors of 120736.
2, 7, 11
What are the prime factors of 1205?
5, 241
What are the prime factors of 15834?
2, 3, 7, 13, 29
What are the prime factors of 1929?
3, 643
List the prime factors of 1087.
1087
What are the prime factors of 6153?
3, 7, 293
List the prime factors of 1916.
2, 479
List the prime factors of 1887.
3, 17, 37
List the prime factors of 7726.
2, 3863
List the prime factors of 3133.
13, 241
What are the prime factors of 1326?
2, 3, 13, 17
List the prime factors of 3555.
3, 5, 79
What are the prime factors of 1758?
2, 3, 293
List the prime factors of 34902.
2, 3, 7, 277
List the prime factors of 71025.
3, 5, 947
What are the prime factors of 38415?
3, 5, 13, 197
What are the prime factors of 1762?
2, 881
List the prime factors of 3220.
2, 5, 7, 23
List the prime factors of 15590.
2, 5, 1559
What are the prime factors of 37841?
79, 479
List the prime factors of 4075.
5, 163
List the prime factors of 382.
2, 191
List the prime factors of 29934.
2, 3, 1663
List the prime factors of 254.
2, 127
List the prime factors of 8508.
2, 3, 709
List the prime factors of 39456.
2, 3, 137
What are the prime factors of 4987?
4987
What are the prime factors of 353?
353
List the prime factors of 88854.
2, 3, 59, 251
List the prime factors of 9699.
3, 53, 61
List the prime factors of 1252.
2, 313
List the prime factors of 4833.
3, 179
List the prime factors of 1243.
11, 113
What are the prime factors of 12737?
47, 271
List the prime factors of 3593.
3593
List the prime factors of 106074.
2, 3, 71, 83
What are the prime factors of 1052?
2, 263
List the prime factors of 193.
193
List the prime factors of 40624.
2, 2539
List the prime factors of 92529.
3, 23, 149
What are the prime factors of 602?
2, 7, 43
What are the prime factors of 594?
2, 3, 11
List the prime factors of 50771.
7, 7253
What are the prime factors of 16718?
2, 13, 643
What are the prime factors of 4878?
2, 3, 271
What are the prime factors of 56751?
3, 18917
List the prime factors of 45513.
3, 13, 389
What are the prime factors of 39971?
39971
What are the prime factors of 21868?
2, 7, 11, 71
List the prime factors of 162095.
5, 17, 1907
List the prime factors of 12253.
12253
What are the prime factors of 17190?
2, 3, 5, 191
What are the prime factors of 14355?
3, 5, 11, 29
What are the prime factors of 42124?
2, 10531
List the prime factors of 10664.
2, 31, 43
List the prime factors of 23458.
2, 37, 317
List the prime factors of 5435.
5, 1087
What are the prime factors of 765?
3, 5, 17
List the prime factors of 4883.
19, 257
List the prime factors of 26011.
19, 37
What are the prime factors of 6428?
2, 1607
List the prime factors of 1946.
2, 7, 139
What are the prime factors of 82320?
2, 3, 5, 7
List the prime factors of 82479.
3, 19, 1447
List the prime factors of 38.
2, 19
List the prime factors of 63401.
13, 4877
What are the prime factors of 139672?
2, 13, 17, 79
What are the prime factors of 991?
991
What are the prime factors of 41369?
41, 1009
What are the prime factors of 111527